se
Is 8051 prime?
False
Is 2503 a prime number?
True
Is 77137 a prime number?
True
Is 360941 a composite number?
True
Is 159235 composite?
True
Is 127807 composite?
False
Is 693079 a composite number?
False
Is 304427 composite?
True
Is 172969 composite?
False
Is 85055 a prime number?
False
Is 961 composite?
True
Is 1407793 a composite number?
False
Is 57999 a composite number?
True
Is 745 composite?
True
Is 12473 prime?
True
Is 78557 a composite number?
True
Is 44249 prime?
True
Is 61771 a prime number?
False
Is 8301 composite?
True
Is 45143 a prime number?
False
Is 606709 a composite number?
True
Is 3603265 composite?
True
Is 34993 a prime number?
False
Is 215889 a composite number?
True
Is 9327 composite?
True
Is 22189 prime?
True
Is 66161 composite?
False
Is 125651 prime?
True
Is 23853 prime?
False
Is 1464965 composite?
True
Is 1521061 a prime number?
False
Is 203 a composite number?
True
Is 12517 prime?
True
Is 135287 prime?
False
Is 8279 a prime number?
False
Is 445103 composite?
False
Is 1082 prime?
False
Is 2503 a composite number?
False
Is 235327 prime?
False
Is 1379 a prime number?
False
Is 1253167 a composite number?
False
Is 1723957 a composite number?
False
Is 55799 a prime number?
True
Is 69051 a prime number?
False
Is 19763 composite?
False
Is 195773 prime?
False
Is 98989 prime?
False
Is 78377 a prime number?
False
Is 87833 a composite number?
False
Is 6295 a prime number?
False
Is 3369 a composite number?
True
Is 42827 a composite number?
True
Is 42587 composite?
True
Is 17413 composite?
True
Is 2393 prime?
True
Is 1010917 composite?
False
Is 21145 a prime number?
False
Is 1646605 composite?
True
Is 393451 composite?
False
Is 11631 composite?
True
Is 160229 a composite number?
True
Is 4999 composite?
False
Is 34031 prime?
True
Is 481097 prime?
True
Is 45497 composite?
False
Is 51833 a composite number?
True
Is 30563 a composite number?
True
Is 23663 a composite number?
False
Is 5189 a composite number?
False
Is 54451 a composite number?
True
Is 67667 a composite number?
True
Is 220111 composite?
True
Is 1657 prime?
True
Is 272849 a prime number?
False
Is 5557 a composite number?
False
Is 2142311 a prime number?
False
Is 1633 a prime number?
False
Is 1399 composite?
False
Is 5387 a prime number?
True
Is 72989 a composite number?
True
Is 41315 prime?
False
Is 9841 prime?
False
Is 92077 prime?
True
Is 3371 a prime number?
True
Is 21269 a prime number?
True
Is 1140607 prime?
False
Is 2633 composite?
False
Is 12739 a composite number?
False
Is 76389 composite?
True
Is 219341 a prime number?
False
Is 354079 prime?
False
Is 68815 prime?
False
Is 415 a prime number?
False
Is 8521 prime?
True
Is 437579 a composite number?
True
Is 462535 a composite number?
True
Is 74653 a prime number?
True
Is 4911 prime?
False
Is 1423 prime?
True
Is 3457 composite?
False
Is 1361 prime?
True
Is 27437 composite?
False
Is 176794 a prime number?
False
Is 725789 a composite number?
False
Is 4853 a prime number?
False
Is 20327 prime?
True
Is 2371543 a composite number?
False
Is 4003645 composite?
True
Is 2909 prime?
True
Is 503187 a composite number?
True
Is 52527 prime?
False
Is 2279 a prime number?
False
Is 627101 a prime number?
True
Is 390597 a prime number?
False
Is 966041 composite?
False
Is 17167 a prime number?
True
Is 1511971 prime?
True
Is 8117 composite?
False
Is 77 composite?
True
Is 293399 a prime number?
True
Is 2638 a composite number?
True
Is 15763 a composite number?
True
Is 50357 prime?
False
Is 150139 prime?
False
Is 4207 composite?
True
Is 14699 a prime number?
True
Is 62633 composite?
False
Is 6547 a prime number?
True
Is 1100251 a prime number?
False
Is 2363 a prime number?
False
Is 396937 prime?
True
Is 634483 a prime number?
True
Is 5567 composite?
True
Is 625265 composite?
True
Is 24901 prime?
False
Is 3641 a prime number?
False
Is 122443 prime?
True
Is 3967 prime?
True
Is 459769 composite?
True
Is 949157 prime?
False
Is 36151 a composite number?
False
Is 56051 a prime number?
False
Is 156419 prime?
True
Is 736181 composite?
False
Is 10771 a prime number?
True
Is 21923 a composite number?
True
Is 252383 a composite number?
False
Is 83339 a prime number?
True
Is 29269 a composite number?
False
Is 16607 a prime number?
True
Is 212663 composite?
True
Is 64301 composite?
False
Is 304197 composite?
True
Is 3407405 composite?
True
Is 130951 a composite number?
True
Is 327121 composite?
True
Is 32491 prime?
True
Is 44827 a composite number?
True
Is 4979 prime?
False
Is 839381 a composite number?
False
Is 90905 a composite number?
True
Is 15307 composite?
False
Is 286267 prime?
False
Is 220973 prime?
True
Is 2660069 composite?
False
Is 6635 prime?
False
Is 2454197 prime?
False
Is 3763 prime?
False
Is 5625857 a prime number?
True
Is 409 composite?
False
Is 287921 composite?
False
Is 14051 prime?
True
Is 70351 composite?
False
Is 15077 prime?
True
Is 1365547 a composite number?
False
Is 1571 a prime number?
True
Is 41698 composite?
True
Is 5347 a prime number?
True
Is 6407 composite?
True
Is 70051 composite?
False
Is 9587 a composite number?
False
Is 629 prime?
False
Is 313921 a prime number?
True
Is 6121 a composite number?
False
Is 88807 prime?
True
Is 419 a prime number?
True
Is 197503 composite?
True
Is 5077 a prime number?
True
Is 20849 a composite number?
False
Is 3836471 a prime number?
True
Is 15907 a composite number?
False
Is 17386 prime?
False
Is 49969 a composite number?
True
Is 44947 a composite number?
True
Is 9277 a prime number?
True
Is 2436247 prime?
False
Is 994901 composite?
False
Is 58495 prime?
False
Is 146539 a prime number?
True
Is 971549 prime?
True
Is 1291 a composite number?
False
Is 278309 a composite number?
True
Is 3199 a prime number?
False
Is 100729 a composite number?
True
Is 146149 a prime number?
False
Is 4783 composite?
False
Is 201065 a prime number?
False
Is 1405453 prime?
False
Is 74671 a prime number?
False
Is 113002 prime?
False
Is 350459 prime?
True
Is 13739 a composite number?
True
Is 89 prime?
True
Is 33977 a composite number?
True
Is 97 a prime number?
True
Is 117485 a prime number?
False
Is 107949 a prime number?
False
Is 209654 composite?
True
Is 1891 composite?
True
Is 47933 a prime number?
True
Is 21941 composite?
True
Is 90313 a composite number?
False
Is 366023 a prime number?
False
Is 46049 prime?
True
Is 63233 a composite number?
True
Is 137623 composite?
False
Is 376573 a prime number?
True
Is 376129 composite?
True
Is 5857 a prime number?
True
Is 4799803 a composite number?
True
Is 312161 a prime number?
True
Is 6497 a prime number?
False
Is 1811 a composite number?
False
Is 2173 a prime number?
False
Is 489197 prime?
True
Is 42533 a composite number?
False
Is 20431 prime?
True
Is 508685 a prime number?
False
Is 237821 prime?
True
Is 527173 a composite number?
False
Is 173263 a composite number?
False
Is 73339 a prime number?
False
Is 19807 a prime number?
False
Is 463429 a composite number?
True
Is 10357 a composite number?
False
Is 133919 composite?
False
Is 586903 a prime number?
True
Is 51137 a prime number?
True
Is 1901 composite?
False
Is 29009 a prime number?
True
Is 600269 prime?
True
Is 35221 a prime number?
True
Is 44143 composite?
True
Is 6943 prime?
False
Is 25073 a composite number?
False
Is 414574 composite?
True
Is 279469 prime?
False
Is 7789 prime?
True
Is 281737 a composite number?
False
Is 884573 a prime number?
True
Is 238593 composite?
True
Is 1441 a prime number?
False
Is 1878181 composite?
False
Is 224101 a composite number?
False
Is 681 prime?
False
Is 260885 prime?
False
Is 400213 a prime number?
False
Is 5051 composite?
False
Is 2109577 composite?
False
Is 1961 a prime number?
False
Is 95681 prime?
False
Is 10231 prime?
False
Is 97399 composite?
True
Is 966547 a prime number?
True
Is 14047 composite?
True
Is 114259 a composite number?
False
Is 641 composite?
False
Is 3602 composite?
True
Is 6073 a prime number?
True
Is 541 a composite number?
False
Is 128923 composite?
False
Is 224551 a composite number?
True
Is 3203 prime?
True
Is 2741 composite?
False
Is 317365 composite?
True
Is 273299 prime?
False
Is 85549 a composite number?
False
Is 19841 a prime number?
True
Is 167381 prime?
True
Is 10211 composite?
False
Is 1345673 composite?
True
Is 201 prime?
False
Is 